 + o + o + 76. Suppose -4*k = -4*a + 84, m*k - j = -2*a - 4. What is the units digit of a?
7
Suppose 4*w = 4*k - 3*k + 57, 8 = w + k. What is the tens digit of w?
1
Suppose 13 = 2*l - 823. Suppose -5*a + l = d, -a + 99 = d + 17. What is the units digit of a/8 + 1/2?
1
Let y be 1*7*(2 - 3). Let n(l) = l + 7. Let k(x) = -5*x - 34. Let d(i) = 2*k(i) + 11*n(i). What is the units digit of d(y)?
2
Let g(m) = 9*m**2 + 25*m - 3. What is the units digit of g(-6)?
1
Suppose -48 = -a - 5*l, 0 = 5*l + 9 + 6. What is the tens digit of a?
6
Let r be (-9)/5*(-20)/6. Let x = -3 + r. Suppose v + 4*v - 27 = -4*d, x = -v - 5*d. What is the units digit of v?
7
Suppose 2*b = -2*v - 3*b + 11, 5*v + 3*b = 18. Suppose d = -2*d + v. Suppose -4*t - 4 = 4*w, -t - d = 3*w - 2. What is the units digit of w?
1
Let d(h) = 34*h - 4. What is the tens digit of d(7)?
3
What is the hundreds digit of ((-7230)/75)/(3/5 + -1)?
2
Let x(t) = -17*t**3 - t**2 - 2*t - 1. What is the units digit of x(-1)?
7
Let v(f) = 2*f - 1. Let h(t) be the third derivative of t**4/24 - 2*t**3/3 - t**2. Let x be h(7). What is the units digit of v(x)?
5
Let q = 191 - 71. What is the tens digit of q?
2
Suppose 0 = b - 2*b + 160. Let s = b + -70. What is the units digit of (-6)/21 + s/21?
4
Let n be 15/(-25)*(-5)/(-1). Let s be (4/n)/(2/18). What is the units digit of s/(-5)*70/21?
8
Let w be (-1)/(-3 + 2) + -30. Let i = w - -71. What is the tens digit of i?
4
Suppose 2*a - 65 = -x, -2*a = 6*x - x - 85. What is the units digit of a?
0
Suppose 180 = 16*x - 2892. What is the tens digit of x?
9
Let d(s) be the third derivative of s**6/360 - s**5/24 - s**4/24 + s**3/3 - 2*s**2. Let t(c) be the first derivative of d(c). What is the units digit of t(6)?
5
Suppose g = 3 + 5. What is the tens digit of 54/(-4)*g/(-6)?
1
What is the tens digit of (-2)/(-12) + 377/6?
6
Let n = 12 - 8. Suppose n = 2*b - 0. Suppose 0 = -0*k - b*k + 10. What is the units digit of k?
5
Suppose -5*s = 3*p + p - 36, s - 3*p = -8. Let r(i) = -6 + s*i - 2*i + 3*i - 2*i. What is the units digit of r(4)?
6
Let s = -122 + 58. Let b = -35 - s. Suppose -5*c + 74 = b. What is the units digit of c?
9
What is the hundreds digit of (-1)/2 - (-1166)/4?
2
Let s be (-1)/(1/291)*1. What is the tens digit of s/(-27) + (-4)/(-18)?
1
Let i(c) = -2*c - 8 - 2*c - c**3 - 9*c**2 + 2*c**3 + 6*c. What is the units digit of i(9)?
0
Let f = 221 - 204. What is the tens digit of f?
1
Suppose 5*v + 9 = 24. Suppose w + v*w - 12 = -3*y, 2*w = -5*y - 8. What is the units digit of w?
6
Let i be (-1)/(-4) + 1/(-4). Let y = i - -2. Suppose -8*q = -5*q - 4*h - 19, y*q = -2*h + 8. What is the units digit of q?
5
Let d = 1 - -5. What is the units digit of (-3)/d + 122/4?
0
Suppose -4*o = 4*p - 40, 3*o - 4*p + 1 - 3 = 0. What is the units digit of o?
6
Let v(y) = -3*y - 1. Let a be v(-1). Suppose 5*z - 17 = -a*j + 2*z, 5*j + z - 75 = 0. Suppose -j = -4*k + 4. What is the units digit of k?
5
Let f = -21 + 26. Suppose f*c = 353 - 83. What is the tens digit of c?
5
What is the units digit of ((-264)/10 - -3)*30/(-9)?
8
Let k(z) = -4*z + 1. Let y = -8 + 5. What is the tens digit of k(y)?
1
Let d(z) = -z**2 + 8*z. Let j be d(9). Let t = j + 17. What is the units digit of t?
8
Let c(f) = -2*f**3 - 11*f**2 - 7*f + 4. Let y(l) = -3*l**3 - 17*l**2 - 11*l + 6. Let b(p) = 7*c(p) - 5*y(p). What is the units digit of b(-7)?
5
Suppose 3*v + 0*v = 30. Let c be 1 + (-5)/10*4. Let l = v - c. What is the tens digit of l?
1
Let g(t) = -26*t - 1. What is the units digit of g(-2)?
1
Suppose 2*k = -s + 321, 6 = 3*s - 3. What is the hundreds digit of k?
1
Suppose 0 = -3*i - 0*w + 3*w - 30, -4*i = 2*w + 64. Let q = i + 21. What is the units digit of q?
7
Let x(h) = 22*h**3 + h - 1. What is the units digit of x(1)?
2
What is the tens digit of 6/21 + (-760)/(-35)?
2
Suppose -2*x + 5*v + 122 = 27, v - 179 = -4*x. What is the units digit of x?
5
Suppose a = 3*l - 5, -5*l + 5*a = 2*a - 3. Suppose 3*t = u + 3*u + 55, -5*t + l*u + 77 = 0. What is the tens digit of t?
1
Let q(x) = x + 11. Let t be q(-8). Suppose -2*b = -y + 45, t*y + 3*b - 133 = 8*b. What is the units digit of y?
1
Suppose 31 = 4*y + b, -3*y + 5 = -4*b - 4. Suppose -g + t = -t - y, -2*g + 2*t = -10. Suppose g*v + 9 = 30. What is the units digit of v?
7
Suppose 3*g - 55 - 242 = 0. What is the units digit of g?
9
Let s = 4 - 1. Suppose -2*p - 4*l - 16 = -48, s*l = -4*p + 64. Suppose 34 = 5*v - p. What is the units digit of v?
0
Suppose 2*y + 5*z = 54, -z - 64 = 5*y - 8*y. Let n be (1 + 1 + -1)*2. Suppose -35 = -4*v - n*g - 3*g, 4*g = -2*v + y. What is the units digit of v?
5
Suppose -4*f - 5*c = 20, 0 = f - 8*c + 3*c - 20. Suppose f = j - 8 + 2. What is the units digit of j?
6
Suppose -13*g - 131 + 1678 = 0. What is the units digit of g?
9
Let c = 14 + -41. Let y = c - -45. What is the units digit of y?
8
Suppose 5*d = -3*u + 84, u + 2*d - 27 = -0*d. What is the units digit of u?
3
Let n = 1 - 0. Let s be (n - 4)/((-2)/2). Suppose 3*k + 16 = 2*o, o - 4*k + 16 = s*o. What is the units digit of o?
8
Suppose -5*p + p = 4. Let h(s) = 12*s - 1. Let r be h(p). What is the units digit of (2 - -1)/(-3) - r?
2
Let b(w) = -w**3 - 4*w**2 - 4*w + 1. Let r be b(-3). Suppose -2*s + r*s = 4. Suppose -17 + s = -5*o. What is the units digit of o?
3
Let m = 6 + -1. Let g = 1 - m. Let s = 7 + g. What is the units digit of s?
3
Let h = -171 + 360. What is the tens digit of h?
8
Suppose 1 = 2*t + 61. Let h be t/1*(-2)/5. What is the units digit of (-21)/(-4) - 3/h?
5
What is the tens digit of (3 - 9)/6 + (-2 - -33)?
3
Suppose 5*c + c - 132 = 0. What is the units digit of c?
2
Suppose -2*d = 3 - 9. Suppose -d*f = -0*f - 3. What is the units digit of 12/f*2/6?
4
Let z = -3 + 2. Let k(i) = i**2 + 2. Let b be k(0). Let j = b - z. What is the units digit of j?
3
Let r(p) = 43*p - 75. What is the units digit of r(6)?
3
Let l be (-1)/(1/(-2 + 3)). Let d be (-20)/8*(-1 - 1). Let z = d - l. What is the units digit of z?
6
Let m = 25 + 184. What is the hundreds digit of m?
2
What is the tens digit of (2 - 1)/(-3 - (-2180)/725)?
4
Let o be (0 + 1)*2*15. Suppose -d - 20 = -1. Let f = o + d. What is the tens digit of f?
1
Suppose 10*i - 120 - 590 = 0. What is the tens digit of i?
7
Let t = -179 - -263. What is the tens digit of t?
8
What is the units digit of (-40)/180 - (-1282)/18?
1
Suppose 0 = -3*r - 6 + 18. Suppose 3*b + 7 = r*b. What is the units digit of b?
7
Let k be ((-3)/(-2))/(6/176). Suppose -5*v - k = -4*a, -2*v = 2*a - 7*v - 32. Suppose -1 + a = u. What is the units digit of u?
5
Let v = -202 + 299. Suppose 3*o + 2*w = v, 35 = o - 2*w - 0. What is the tens digit of o?
3
Let v(k) = -k**2 + 7*k - 3. Let h be v(6). Suppose 28 = h*w + w. What is the units digit of w?
7
Let s be 3/6 + 106/4. Let c = 46 - s. What is the units digit of c?
9
What is the units digit of (-2)/(-5) + (-1211)/(-35)?
5
Let w(t) = -t**3 - 8*t**2 + 4*t - 1. What is the tens digit of w(-10)?
5
Suppose -72 = -w + 82. Let d = w + -99. Suppose 9*n - 4*n - d = 0. What is the tens digit of n?
1
Let a = 5 + -5. Suppose 4*n - 3*g - 63 = a, 0*g = 2*n - 5*g - 35. What is the units digit of n?
5
What is the tens digit of (-2)/(-6)*159 - (-1 + 0)?
5
Let c(g) be the third derivative of g**6/120 - g**5/15 + g**4/12 - g**3/2 - 2*g**2. What is the units digit of c(5)?
2
Let h(a) = -a**3 - 8*a**2 + 7*a + 10. Let v be h(-9). Let o = -10 + v. What is the tens digit of o?
1
Suppose -2*k = 3*c - 2, -3*k = -3*c - 8 - 10. Let u = c + 4. What is the units digit of 2 + (u + -1 - -1)?
4
Let h be ((-2)/(-6))/(2/90). What is the units digit of 42/(-4)*(-10)/h?
7
Let r = -26 - -88. What is the units digit of r?
2
Let a = -23 + 75. What is the units digit of a?
2
Let h = 9 + -35. What is the tens digit of -2 - (h + (2 - 3))?
2
Suppose r - 2 - 1 = 0. Let h(f) = -2 + 0 + 3*f + r + f**2. What is the units digit of h(-3)?
1
Suppose 0 = 2*z - 4, -287 = -2*r - 2*z - 15. What is the tens digit of r?
3
Suppose 2*j = -2*j + 12. What is the units digit of j?
3
Let p(s) = -s**3 - 5*s**2 + 9*s - 10. Let v be p(-7). Let u = v + -3. What is the tens digit of u?
2
Let f = 322 + -203. Suppose 4*o - 6*z + z = -f, 2*o + 49 = -z. Let i = -15 - o. What is the tens digit of i?
1
Let j(o) = -o + 6. Let g be j(0). Suppose 40 - g = 2*h. Let z =